ert 5 (base 13) to base 2.
101
18 (base 10) to base 6
30
What is -20 (base 11) in base 16?
-16
Convert 2 (base 15) to base 9.
2
What is -2c (base 16) in base 15?
-2e
Convert 7b (base 14) to base 15.
74
Convert -140 (base 12) to base 9.
-233
63 (base 14) to base 6
223
-79 (base 10) to base 9
-87
What is -101 (base 2) in base 15?
-5
123 (base 11) to base 5
1041
What is 5 (base 10) in base 2?
101
254 (base 12) to base 13
211
What is -3 (base 4) in base 14?
-3
-1a8 (base 14) to base 12
-248
What is 30 (base 5) in base 10?
15
What is -c (base 16) in base 13?
-c
What is -6 (base 8) in base 12?
-6
Convert 2 (base 12) to base 14.
2
What is 20 (base 14) in base 7?
40
What is -1144 (base 5) in base 16?
-ae
10011 (base 2) to base 6
31
What is 11 (base 2) in base 7?
3
What is -3 (base 8) in base 2?
-11
What is 1100 (base 2) in base 12?
10
What is 313 (base 7) in base 14?
b3
-8a (base 14) to base 13
-95
57 (base 11) to base 15
42
What is -8 (base 13) in base 3?
-22
-3 (base 15) to base 5
-3
11 (base 9) to base 13
a
Convert 131 (base 6) to base 16.
37
a1 (base 11) to base 13
87
-613 (base 8) to base 10
-395
Convert 101 (base 7) to base 13.
3b
-25 (base 16) to base 9
-41
What is -10 (base 2) in base 15?
-2
-1131 (base 4) to base 11
-85
What is 0 (base 15) in base 14?
0
What is 3 (base 5) in base 10?
3
Convert 8 (base 11) to base 6.
12
-6 (base 11) to base 8
-6
What is -21 (base 12) in base 10?
-25
Convert 23 (base 4) to base 10.
11
Convert 242 (base 8) to base 3.
20000
What is 3 (base 9) in base 13?
3
Convert 100000000 (base 2) to base 5.
2011
Convert 2 (base 15) to base 9.
2
-b (base 15) to base 7
-14
What is 10100 (base 2) in base 14?
16
-49 (base 16) to base 5
-243
What is 5 (base 7) in base 12?
5
-2332 (base 5) to base 9
-420
What is -4 (base 15) in base 13?
-4
What is -2 (base 11) in base 8?
-2
Convert -7 (base 10) to base 11.
-7
1 (base 16) to base 8
1
What is 2 (base 14) in base 2?
10
-1010001 (base 2) to base 13
-63
Convert 77 (base 8) to base 2.
111111
What is 1 (base 7) in base 3?
1
What is -18 (base 14) in base 4?
-112
What is 22011 (base 3) in base 7?
433
What is -51 (base 15) in base 6?
-204
Convert -72 (base 8) to base 10.
-58
Convert -111110 (base 2) to base 3.
-2022
-89 (base 16) to base 2
-10001001
Convert 29 (base 16) to base 8.
51
1b2 (base 12) to base 8
426
Convert a5 (base 13) to base 11.
113
Convert -2 (base 6) to base 11.
-2
-1100 (base 2) to base 5
-22
What is -6 (base 16) in base 3?
-20
What is 20 (base 4) in base 14?
8
What is -212 (base 4) in base 5?
-123
-11111 (base 2) to base 9
-34
Convert 165 (base 7) to base 9.
116
-22 (base 3) to base 5
-13
2 (base 9) to base 5
2
Convert 13 (base 9) to base 6.
20
39 (base 16) to base 5
212
What is 6 (base 15) in base 11?
6
What is 6 (base 11) in base 5?
11
55 (base 6) to base 16
23
Convert -8 (base 16) to base 9.
-8
What is -6 (base 9) in base 8?
-6
1 (base 16) to base 14
1
What is 204 (base 5) in base 3?
2000
What is 2 (base 12) in base 4?
2
What is -2 (base 14) in base 6?
-2
What is -12 (base 8) in base 11?
-a
30 (base 7) to base 15
16
431 (base 5) to base 7
224
Convert 1 (base 3) to base 12.
1
-8 (base 11) to base 7
-11
Convert 12 (base 14) to base 8.
20
-1001 (base 2) to base 3
-100
Convert 3 (base 8) to base 2.
11
Convert -555 (base 6) to base 12.
-15b
Convert -6 (base 15) to base 7.
-6
What is -8 (base 13) in base 12?
-8
1 (base 8) to base 14
1
-2d (base 16) to base 2
-101101
3 (base 10) to base 5
3
-64 (base 11) to base 15
-4a
Convert 244 (base 5) to base 16.
4a
10 (base 3) to base 8
3
Convert 5 (base 9) to base 10.
5
a2 (base 12) to base 14
8a
Convert -554 (base 8) to base 9.
-444
Convert 2 (base 8) to base 13.
2
Convert -3 (base 13) to base 6.
-3
What is 10 (base 2) in base 16?
2
What is -3 (base 12) in base 15?
-3
Convert 12 (base 14) to base 11.
15
-7 (base 15) to base 9
-7
What is 7 (base 16) in base 8?
7
-4 (base 14) to base 13
-4
15 (base 15) to base 7
26
What is 12 (base 9) in base 7?
14
-7 (base 13) to base 8
-7
42 (base 10) to base 4
222
-30 (base 4) to base 3
-110
-3 (base 9) to base 3
-10
What is -10 (base 5) in base 11?
-5
Convert -1 (base 4) to base 6.
-1
0 (base 8) to base 10
0
What is -4 (base 13) in base 4?
-10
Convert -23 (base 4) to base 5.
-21
-107 (base 15) to base 6
-1024
What is -15 (base 16) in base 13?
-18
Convert -2 (base 8) to base 14.
-2
Convert -10101010 (base 2) to base 3.
-20022
Convert 220 (base 7) to base 11.
a2
2 (base 8) to base 12
2
-10 (base 2) to base 4
-2
Convert -13 (base 5) to base 15.
-8
Convert 21 (base 9) to base 12.
17
What is 30 (base 8) in base 2?
11000
Convert -1 (base 5) to base 11.
-1
22 (base 15) to base 5
112
What is -4 (base 13) in base 3?
-11
What is 9 (base 12) in base 8?
11
What is -3 (base 16) in base 14?
-3
Convert 1 (base 3) to base 12.
1
What is 0 (base 16) in base 5?
0
2 (base 11) to base 3
2
Convert 60 (base 7) to base 3.
1120
-49 (base 11) to base 16
-35
What is 3d (base 15) in base 9?
64
What is -2 (base 4) in base 2?
-10
Convert 10110 (base 3) to base 5.
333
Convert 3 (base 14) to base 16.
3
Convert 0 (base 13) to base 8.
0
Convert 0 (base 10) to base 6.
0
Convert a6 (base 15) to base 7.
312
Convert 2 (base 13) to base 6.
2
-124 (base 7) to base 8
-103
Convert 42 (base 13) to base 8.
66
-14 (base 10) to base 6
-22
Convert -16 (base 8) to base 3.
-112
What is 84 (base 9) in base 3?
2211
-3 (base 14) to base 3
-10
-7 (base 9) to base 12
-7
What is 3 (base 14) in base 4?
3
Convert 0 (base 16) to base 8.
0
What is 22 (base 15) in base 7?
44
What is -2 (base 9) in base 7?
-2
-9 (base 11) to base 4
-21
What is 104 (base 10) in base 16?
68
-2212 (base 3) to base 13
-5c
What is -3 (base 10) in base 9?
-3
What is 80 (base 15) in base 10?
120
33 (base 13) to base 6
110
Convert 15 (base 12) to base 8.
21
What is 4 (base 12) in base 13?
4
-1 (base 3) to base 2
-1
-93 (base 11) to base 15
-6c
Convert 0 (base 14) to base 13.
0
Convert 6 (base 7) to base 10.
6
Convert -100 (base 2) to base 11.
-4
31 (base 7) to base 12
1a
Convert 23b (base 12) to base 5.
2320
Convert -11 (base 3) to base 13.
-4
Convert -10101 (base 2) to base 9.
-23
Convert 23 (base 7) to base 14.
13
a (base 16) to base 11
a
Convert 2 (base 13) to base 3.
2
-120 (base 3) to base 14
-11
What is 7 (base 15) in base 9?
7
What is -157 (base 13) in base 12?
-181
Convert 6 (base 13) to base 14.
6
Convert -41 (base 9) to base 14.
-29
11 (base 6) to base 11
7
0 (base 8) to base 5
0
1213 (base 4) to base 5
403
What is 22 (base 3) in base 14?
8
Convert -a2 (base 11) to base 10.
-112
Convert 5 (base 10) to base 9.
5
What is -6 (base 12) in base 2?
-110
Convert 5 (base 14) to base 8.
5
Convert 3 (base 10) to base 16.
3
10 (base 3) to base 6
3
What is 27 (base 14) in base 4?
203
What is 47 (base 11) in base 6?
123
What is 23 (base 12) in base 6?
43
What is -5 (base 13) in base 3?
-12
32 (base 16) to base 8
62
Convert 10 (base 11) to base 13.
b
Convert -1 (base 14) to base 13.
-1
What is 54 (base 11) in base 8?
73
-20 (base 4) to base 2
-1000
c6 (base 13) to base 11
138
What is 76 (base 10) in base 11?
6a
-352 (base 6) to base 11
-118
-32 (base 6) to base 2
-10100
-a (base 12) to base 8
-12
What is -8 (base 15) in base 14?
-8
-7 (base 15) to base 5
-12
Convert -18a (base 12) to base 15.
-11a
1a (base 11) to base 7
30
What is 1 (base 5) in base 6?
1
Convert 1 (base 11) to base 8.
1
Convert -15 (base 6) to base 14.
-b
Convert -16 (base 14) to base 4.
-110
Convert 0 (base 14) to base 12.
0
What is 41 (base 8) in base 12?
29
What is 161 (base 14) in base 8?
431
-2 (base 8) to base 10
-2
-b0 (base 13) to base 7
-263
-d (base 15) to base 10
-13
131 (base 13) to base 4
3101
-c0 (base 13) to base 15
-a6
-5 (base 16) to base 8
-5
Convert 11000 (base 2) to base 16.
18
What is 12 (base 12) in base 3?
112
-3 (base 14) to base 12
-3
What is 21 (base 13) in base 7?
36
Convert 10 (base 2) to base 4.
2
-2 (base 16) to base 7
-2
What is -10000 (base 2) in base 8?
-20
What is -c2 (base 15) in base 10?
-182
Convert -42 (base 6) to base 15.
-1b
Convert 46 (base 7) to base 2.
100010
What is 2333 (base 4) in base 12?
13b
What is -3 (base 9) in base 10?
-3
-1 (base 4) to base 15
-1
Convert 0 (base 9) to base 15.
0
2 (base 5) to base 13
2
411 (base 7) to base 15
d9
What is 1 (base 10) in base 12?
1
14 